{"id":1358,"date":"2014-02-16T19:31:57","date_gmt":"2014-02-16T18:31:57","guid":{"rendered":"http:\/\/alonsobenjamin.com\/?page_id=1358"},"modified":"2025-09-12T18:21:34","modified_gmt":"2025-09-12T16:21:34","slug":"inicio","status":"publish","type":"page","link":"http:\/\/alonsobenjamin.com\/?page_id=1358","title":{"rendered":"BIO"},"content":{"rendered":"<p style=\"text-align: justify;\"><img data-recalc-dims=\"1\" loading=\"lazy\" decoding=\"async\" class=\"alignleft wp-image-3690 size-medium\" src=\"https:\/\/i0.wp.com\/alonsobenjamin.com\/wp-content\/uploads\/2023\/09\/BAB-fotopass-2-web-min.jpg?resize=194%2C250\" alt=\"\" width=\"194\" height=\"250\" srcset=\"https:\/\/i0.wp.com\/alonsobenjamin.com\/wp-content\/uploads\/2023\/09\/BAB-fotopass-2-web-min.jpg?resize=194%2C250 194w, https:\/\/i0.wp.com\/alonsobenjamin.com\/wp-content\/uploads\/2023\/09\/BAB-fotopass-2-web-min.jpg?resize=794%2C1024 794w, https:\/\/i0.wp.com\/alonsobenjamin.com\/wp-content\/uploads\/2023\/09\/BAB-fotopass-2-web-min.jpg?resize=768%2C991 768w, https:\/\/i0.wp.com\/alonsobenjamin.com\/wp-content\/uploads\/2023\/09\/BAB-fotopass-2-web-min.jpg?w=880 880w\" sizes=\"auto, (max-width: 194px) 100vw, 194px\" \/><\/p>\n<p>&nbsp;<\/p>\n<p style=\"text-align: justify;\"><strong>Benjam\u00edn Alonso<\/strong>\u00a0trabaja en el teatro profesional desde 1989, es director de escena, core\u00f3grafo, actor, pedagogo y dramaturgo. Se form\u00f3 con el mae<span style=\"word-spacing: normal;\">stro<\/span><strong style=\"word-spacing: normal;\"> <a href=\"http:\/\/alonsobenjamin.com\/wp-content\/uploads\/2014\/08\/Ecole-Jacques-Lecoq-95-97web.jpg\" target=\"_blank\" rel=\"prettyphoto[gal] noopener noreferrer\"><strong>Jacques Lecoq<\/strong><\/a><\/strong><span style=\"word-spacing: normal;\">\u00a0en su <\/span><a style=\"line-height: 20px; word-spacing: normal;\" href=\"http:\/\/www.ecole-jacqueslecoq.com\/\" target=\"_blank\" rel=\"noopener noreferrer\"><strong>Ecole Internationale de Th\u00e9\u00e2tre<\/strong>\u00a0<\/a><strong style=\"word-spacing: normal;\"><a href=\"http:\/\/www.ecole-jacqueslecoq.com\/\" target=\"_blank\" rel=\"noopener noreferrer\">de Par\u00eds<\/a><\/strong><span style=\"word-spacing: normal;\">, a la que ha regresado posteriormente para investigar en su\u00a0<\/span><strong><a style=\"line-height: 20px; word-spacing: normal;\" href=\"http:\/\/alonsobenjamin.com\/wp-content\/uploads\/2014\/10\/le-voyage-pedagogique-web.jpg\" target=\"_blank\" rel=\"prettyphoto[gal] noopener noreferrer\">pedagog\u00eda<\/a><\/strong><span style=\"word-spacing: normal;\">. Ha mantenido una formaci\u00f3n continuada con otros grandes maestros de la escena como\u00a0<\/span><strong><a style=\"line-height: 20px; word-spacing: normal;\" href=\"http:\/\/alonsobenjamin.com\/wp-content\/uploads\/2014\/03\/Monika-Paneux_web.gif\" target=\"_blank\" rel=\"prettyphoto[gal] noopener noreferrer\">Monika Pagneux<\/a><\/strong><span style=\"word-spacing: normal;\">, Antonio Fava, <strong><a href=\"http:\/\/alonsobenjamin.com\/wp-content\/uploads\/2025\/09\/Robert-Lepage.-Cafe-Parvis-web.jpg\" target=\"_blank\" rel=\"noopener\">Robert Lepage<\/a><\/strong>, Jos\u00e9 Sanch\u00eds Sinisterra, Juan Mayorga, Helena Pimenta, Theodoros Thersopoulos, Philippe Gaulier o <\/span><strong><a style=\"line-height: 20px; word-spacing: normal;\" href=\"http:\/\/alonsobenjamin.com\/wp-content\/uploads\/2014\/03\/Yoshi-Oida-workshop-web.gif\" target=\"_blank\" rel=\"prettyphoto[gal] noopener noreferrer\">Yoshi Oida<\/a><\/strong><span style=\"word-spacing: normal;\">\u00a0en numerosos workshops internacionales.<\/span><\/p>\n<p style=\"text-align: justify;\">Es <strong>Licenciado en Historia del Arte<\/strong> por la Universidad Aut\u00f3noma de Madrid, <strong>M\u00e1ster en\u00a0<span style=\"word-spacing: normal;\">Estudi<\/span><\/strong><span style=\"word-spacing: normal;\"><strong>os Teatrales<\/strong> por la Universidad Aut\u00f3noma de Barcelona, la Universidad Pompeu Fabra y el Institut del Teatre, y <strong>Doctor<\/strong> por la Universidad del Pa\u00eds Vasco<strong> con una tesis sobre el teatro de Robert Lepage<\/strong>. Durante varios a\u00f1os ha dirigido el Aula de Teatro de la Universidad Polit\u00e9cnica de Catalu\u00f1a y ha sido profesor en el Institut del Teatre de Barcelona y en la Escuela de Teatro del Palacio de Festivales de Santander. Igualmente ha desarrollado diferentes proyectos de colaboraci\u00f3n con distintas entidades aplicando las t\u00e9cnicas teatrales en el mundo de la empresa, la educaci\u00f3n, la sanidad o las artes.<\/span><\/p>\n<p style=\"text-align: justify;\">Interesado en las nuevas dramaturgias para la escena, ha creado y dirigido espect\u00e1culos muy diversos entre teatro l\u00edrico, teatro cl\u00e1sico y contempor\u00e1neo, teatro de calle o teatro de t\u00edteres. En los \u00faltimos a\u00f1os ha centrado su actividad en la <strong>creaci\u00f3n y direcci\u00f3n de escena<\/strong>, as\u00ed como en la direcci\u00f3n de <strong>movimiento esc\u00e9nico y coreograf\u00eda<\/strong> trabajando en producciones de \u00f3pera y zarzuela en el Teatro Gayarre de Pamplona, Teatro Real y Teatros del Canal de Madrid, Teatro Villamarta de Jerez, Teatro Cuy\u00e1s de Gran Canaria, Teatro Palacio Vald\u00e9s de Avil\u00e9s, entre otros, as\u00ed como en el Festival Internacional de Teatro Cl\u00e1sico de Almagro. Desde sus inicios\u00a0ha trabajado como <strong>actor<\/strong> en numerosas producciones del Teatro Arriaga de Bilbao, su ciudad natal, y en compa\u00f1\u00edas independientes como Els Comediants o internacionales como Vastok Theater en la Rep\u00fablica Checa o NIE y TSF en Reino Unido. Tambi\u00e9n ha participado en distintas series de televisi\u00f3n en ETB, TVE o Antena 3, y ha protagonizado una docena de spots publicitarios. H<span style=\"word-spacing: normal;\">a recibido el\u00a0<\/span><strong style=\"word-spacing: normal;\"><a href=\"https:\/\/www.gijon.es\/es\/publicaciones\/premios-feten-2005\" target=\"_blank\" rel=\"noopener\">Premio de la Feria Europea de Teatro para Ni\u00f1os y Ni\u00f1as<\/a><\/strong><span style=\"word-spacing: normal;\">\u00a0(FETEN) por el espect\u00e1culo\u00a0<\/span><em style=\"word-spacing: normal;\">Ferdinando\u00a0<\/em><span style=\"word-spacing: normal;\">que ha dirigido con la compa\u00f1\u00eda de t\u00edteres Teatro de la Luna de Madrid.<\/span><\/p>\n<p style=\"text-align: justify;\">Como <strong>autor teatral<\/strong> ha sido galardonado con\u00a0el\u00a0<a href=\"https:\/\/i0.wp.com\/alonsobenjamin.com\/wp-content\/uploads\/2010\/02\/IV-Premio-Caf%C3%A9-Bilbao-web.jpg\" target=\"_blank\" rel=\"noopener\"><strong>Premio de textos teatrales Caf\u00e9 Bilbao<\/strong><\/a> por la obra <em>Entre sillas<\/em>, publicada en la editorial Artezblai y estrenada en Ciudad de Guatemala, el <a href=\"https:\/\/i0.wp.com\/alonsobenjamin.com\/wp-content\/uploads\/2015\/03\/Programa-Entrega-de-premios-2.jpg\" target=\"_blank\" rel=\"noopener\"><strong>Premio Dramaturgo Jos\u00e9 Moreno Arenas<\/strong><\/a> por el texto <em>Pero \u00bfd\u00f3nde est\u00e1 Julieta?<\/em> con publicaci\u00f3n en Ediciones Carena, el <a href=\"http:\/\/alonsobenjamin.com\/?p=2927\" target=\"_blank\" rel=\"noopener\"><strong>Premio Internacional de Guiones Cinematogr\u00e1ficos de Cortometrajes<\/strong><\/a>\u00a0con el guion <em>Patxaran Session<\/em> publicado por la Universidad de La Laguna y el <a href=\"https:\/\/web.unican.es\/noticias\/Paginas\/2021\/enero_2021\/Premios-Literarios-Consejo-Social-2020.aspx\" target=\"_blank\" rel=\"noopener\"><strong>Premio Isaac Cuende de Teatro Breve<\/strong><\/a> de la Universidad de Cantabria por el texto <em>El rapto de Gan\u00edmedes<\/em>. As\u00ed mismo, es autor de diferentes publicaciones relacionadas con las artes esc\u00e9nicas en revistas especializadas y ha recibido el <a href=\"https:\/\/www.artezblai.com\/benjamin-alonso-barrena-gana-el-xv-premio-internacional-de-investigacion-teatral-artez-blai\/\" target=\"_blank\" rel=\"noopener\"><strong>Premio Internacional de Investigaci\u00f3n Teatral Artez Blai<\/strong><\/a> por su obra <a href=\"https:\/\/i0.wp.com\/alonsobenjamin.com\/wp-content\/uploads\/2024\/02\/39-PREMIO2022PORTADA.jpg\" target=\"_blank\" rel=\"noopener\"><em><strong>El teatro de Robert Lepage. Una dramaturgia de la improvisaci\u00f3n<\/strong> <\/em><\/a>(Artezblai, 2023).<\/p>\n<p style=\"text-align: justify;\">Actualmente desarrolla un trabajo de investigaci\u00f3n postdoctoral sobre la <strong>creaci\u00f3n esc\u00e9nica contempor\u00e1nea<\/strong> en la Universidad del Pa\u00eds Vasco, la Universidad de Quebec en Trois-Rivi\u00e8res, el CRILCQ (Centre de Recherche Interuniversitaire sur la Litt\u00e9rature et la Culture Qu\u00e9b\u00e9coises) y la Universidad Complutense de Madrid que compagina con su actividad profesional.<\/p>\n<p>&nbsp;<\/p>\n<p style=\"text-align: center;\">\n","protected":false},"excerpt":{"rendered":"<p>&nbsp; Benjam\u00edn Alonso\u00a0trabaja en el teatro profesional desde 1989, es director de escena, core\u00f3grafo, actor, pedagogo y dramaturgo. Se form\u00f3 con el maestro Jacques Lecoq\u00a0en su Ecole Internationale de Th\u00e9\u00e2tre\u00a0de Par\u00eds, a la que ha regresado posteriormente para investigar en su\u00a0pedagog\u00eda. Ha mantenido una formaci\u00f3n continuada con otros grandes maestros de la escena como\u00a0Monika Pagneux,<\/p>\n<div class=\"read-more\"><a href=\"http:\/\/alonsobenjamin.com\/?page_id=1358\">Read More<\/a><\/div>\n","protected":false},"author":1,"featured_media":0,"parent":0,"menu_order":0,"comment_status":"closed","ping_status":"closed","template":"","meta":{"footnotes":""},"class_list":["post-1358","page","type-page","status-publish","hentry"],"jetpack_sharing_enabled":true,"_links":{"self":[{"href":"http:\/\/alonsobenjamin.com\/index.php?rest_route=\/wp\/v2\/pages\/1358","targetHints":{"allow":["GET"]}}],"collection":[{"href":"http:\/\/alonsobenjamin.com\/index.php?rest_route=\/wp\/v2\/pages"}],"about":[{"href":"http:\/\/alonsobenjamin.com\/index.php?rest_route=\/wp\/v2\/types\/page"}],"author":[{"embeddable":true,"href":"http:\/\/alonsobenjamin.com\/index.php?rest_route=\/wp\/v2\/users\/1"}],"replies":[{"embeddable":true,"href":"http:\/\/alonsobenjamin.com\/index.php?rest_route=%2Fwp%2Fv2%2Fcomments&post=1358"}],"version-history":[{"count":164,"href":"http:\/\/alonsobenjamin.com\/index.php?rest_route=\/wp\/v2\/pages\/1358\/revisions"}],"predecessor-version":[{"id":3780,"href":"http:\/\/alonsobenjamin.com\/index.php?rest_route=\/wp\/v2\/pages\/1358\/revisions\/3780"}],"wp:attachment":[{"href":"http:\/\/alonsobenjamin.com\/index.php?rest_route=%2Fwp%2Fv2%2Fmedia&parent=1358"}],"curies":[{"name":"wp","href":"https:\/\/api.w.org\/{rel}","templated":true}]}}

<p style="text-align: justify;"><img data-recalc-dims="1" loading="lazy" decoding="async" class="alignleft wp-image-3690 size-medium" src="https://i0.wp.com/alonsobenjamin.com/wp-content/uploads/2023/09/BAB-fotopass-2-web-min.jpg?resize=194%2C250" alt="" width="194" height="250" srcset="https://i0.wp.com/alonsobenjamin.com/wp-content/uploads/2023/09/BAB-fotopass-2-web-min.jpg?resize=194%2C250 194w, https://i0.wp.com/alonsobenjamin.com/wp-content/uploads/2023/09/BAB-fotopass-2-web-min.jpg?resize=794%2C1024 794w, https://i0.wp.com/alonsobenjamin.com/wp-content/uploads/2023/09/BAB-fotopass-2-web-min.jpg?resize=768%2C991 768w, https://i0.wp.com/alonsobenjamin.com/wp-content/uploads/2023/09/BAB-fotopass-2-web-min.jpg?w=880 880w" sizes="auto, (max-width: 194px) 100vw, 194px" /></p>
<p>&nbsp;</p>
<p style="text-align: justify;"><strong>Benjamín Alonso</strong> trabaja en el teatro profesional desde 1989, es director de escena, coreógrafo, actor, pedagogo y dramaturgo. Se formó con el mae<span style="word-spacing: normal;">stro</span><strong style="word-spacing: normal;"> <a href="http://alonsobenjamin.com/wp-content/uploads/2014/08/Ecole-Jacques-Lecoq-95-97web.jpg" target="_blank" rel="prettyphoto[gal] noopener noreferrer"><strong>Jacques Lecoq</strong></a></strong><span style="word-spacing: normal;"> en su </span><a style="line-height: 20px; word-spacing: normal;" href="http://www.ecole-jacqueslecoq.com/" target="_blank" rel="noopener noreferrer"><strong>Ecole Internationale de Théâtre</strong> </a><strong style="word-spacing: normal;"><a href="http://www.ecole-jacqueslecoq.com/" target="_blank" rel="noopener noreferrer">de París</a></strong><span style="word-spacing: normal;">, a la que ha regresado posteriormente para investigar en su </span><strong><a style="line-height: 20px; word-spacing: normal;" href="http://alonsobenjamin.com/wp-content/uploads/2014/10/le-voyage-pedagogique-web.jpg" target="_blank" rel="prettyphoto[gal] noopener noreferrer">pedagogía</a></strong><span style="word-spacing: normal;">. Ha mantenido una formación continuada con otros grandes maestros de la escena como </span><strong><a style="line-height: 20px; word-spacing: normal;" href="http://alonsobenjamin.com/wp-content/uploads/2014/03/Monika-Paneux_web.gif" target="_blank" rel="prettyphoto[gal] noopener noreferrer">Monika Pagneux</a></strong><span style="word-spacing: normal;">, Antonio Fava, <strong><a href="http://alonsobenjamin.com/wp-content/uploads/2025/09/Robert-Lepage.-Cafe-Parvis-web.jpg" target="_blank" rel="noopener">Robert Lepage</a></strong>, José Sanchís Sinisterra, Juan Mayorga, Helena Pimenta, Theodoros Thersopoulos, Philippe Gaulier o </span><strong><a style="line-height: 20px; word-spacing: normal;" href="http://alonsobenjamin.com/wp-content/uploads/2014/03/Yoshi-Oida-workshop-web.gif" target="_blank" rel="prettyphoto[gal] noopener noreferrer">Yoshi Oida</a></strong><span style="word-spacing: normal;"> en numerosos workshops internacionales.</span></p>
<p style="text-align: justify;">Es <strong>Licenciado en Historia del Arte</strong> por la Universidad Autónoma de Madrid, <strong>Máster en <span style="word-spacing: normal;">Estudi</span></strong><span style="word-spacing: normal;"><strong>os Teatrales</strong> por la Universidad Autónoma de Barcelona, la Universidad Pompeu Fabra y el Institut del Teatre, y <strong>Doctor</strong> por la Universidad del País Vasco<strong> con una tesis sobre el teatro de Robert Lepage</strong>. Durante varios años ha dirigido el Aula de Teatro de la Universidad Politécnica de Cataluña y ha sido profesor en el Institut del Teatre de Barcelona y en la Escuela de Teatro del Palacio de Festivales de Santander. Igualmente ha desarrollado diferentes proyectos de colaboración con distintas entidades aplicando las técnicas teatrales en el mundo de la empresa, la educación, la sanidad o las artes.</span></p>
<p style="text-align: justify;">Interesado en las nuevas dramaturgias para la escena, ha creado y dirigido espectáculos muy diversos entre teatro lírico, teatro clásico y contemporáneo, teatro de calle o teatro de títeres. En los últimos años ha centrado su actividad en la <strong>creación y dirección de escena</strong>, así como en la dirección de <strong>movimiento escénico y coreografía</strong> trabajando en producciones de ópera y zarzuela en el Teatro Gayarre de Pamplona, Teatro Real y Teatros del Canal de Madrid, Teatro Villamarta de Jerez, Teatro Cuyás de Gran Canaria, Teatro Palacio Valdés de Avilés, entre otros, así como en el Festival Internacional de Teatro Clásico de Almagro. Desde sus inicios ha trabajado como <strong>actor</strong> en numerosas producciones del Teatro Arriaga de Bilbao, su ciudad natal, y en compañías independientes como Els Comediants o internacionales como Vastok Theater en la República Checa o NIE y TSF en Reino Unido. También ha participado en distintas series de televisión en ETB, TVE o Antena 3, y ha protagonizado una docena de spots publicitarios. H<span style="word-spacing: normal;">a recibido el </span><strong style="word-spacing: normal;"><a href="https://www.gijon.es/es/publicaciones/premios-feten-2005" target="_blank" rel="noopener">Premio de la Feria Europea de Teatro para Niños y Niñas</a></strong><span style="word-spacing: normal;"> (FETEN) por el espectáculo </span><em style="word-spacing: normal;">Ferdinando </em><span style="word-spacing: normal;">que ha dirigido con la compañía de títeres Teatro de la Luna de Madrid.</span></p>
<p style="text-align: justify;">Como <strong>autor teatral</strong> ha sido galardonado con el <a href="https://i0.wp.com/alonsobenjamin.com/wp-content/uploads/2010/02/IV-Premio-Caf%C3%A9-Bilbao-web.jpg" target="_blank" rel="noopener"><strong>Premio de textos teatrales Café Bilbao</strong></a> por la obra <em>Entre sillas</em>, publicada en la editorial Artezblai y estrenada en Ciudad de Guatemala, el <a href="https://i0.wp.com/alonsobenjamin.com/wp-content/uploads/2015/03/Programa-Entrega-de-premios-2.jpg" target="_blank" rel="noopener"><strong>Premio Dramaturgo José Moreno Arenas</strong></a> por el texto <em>Pero ¿dónde está Julieta?</em> con publicación en Ediciones Carena, el <a href="http://alonsobenjamin.com/?p=2927" target="_blank" rel="noopener"><strong>Premio Internacional de Guiones Cinematográficos de Cortometrajes</strong></a> con el guion <em>Patxaran Session</em> publicado por la Universidad de La Laguna y el <a href="https://web.unican.es/noticias/Paginas/2021/enero_2021/Premios-Literarios-Consejo-Social-2020.aspx" target="_blank" rel="noopener"><strong>Premio Isaac Cuende de Teatro Breve</strong></a> de la Universidad de Cantabria por el texto <em>El rapto de Ganímedes</em>. Así mismo, es autor de diferentes publicaciones relacionadas con las artes escénicas en revistas especializadas y ha recibido el <a href="https://www.artezblai.com/benjamin-alonso-barrena-gana-el-xv-premio-internacional-de-investigacion-teatral-artez-blai/" target="_blank" rel="noopener"><strong>Premio Internacional de Investigación Teatral Artez Blai</strong></a> por su obra <a href="https://i0.wp.com/alonsobenjamin.com/wp-content/uploads/2024/02/39-PREMIO2022PORTADA.jpg" target="_blank" rel="noopener"><em><strong>El teatro de Robert Lepage. Una dramaturgia de la improvisación</strong> </em></a>(Artezblai, 2023).</p>
<p style="text-align: justify;">Actualmente desarrolla un trabajo de investigación postdoctoral sobre la <strong>creación escénica contemporánea</strong> en la Universidad del País Vasco, la Universidad de Quebec en Trois-Rivières, el CRILCQ (Centre de Recherche Interuniversitaire sur la Littérature et la Culture Québécoises) y la Universidad Complutense de Madrid que compagina con su actividad profesional.</p>
<p>&nbsp;</p>
<p style="text-align: center;">

<p>&nbsp; Benjamín Alonso trabaja en el teatro profesional desde 1989, es director de escena, coreógrafo, actor, pedagogo y dramaturgo. Se formó con el maestro Jacques Lecoq en su Ecole Internationale de Théâtre de París, a la que ha regresado posteriormente para investigar en su pedagogía. Ha mantenido una formación continuada con otros grandes maestros de la escena como Monika Pagneux,</p>
<div class="read-more"><a href="http://alonsobenjamin.com/?page_id=1358">Read More</a></div>
